Last updated on 2025-05-29 04:50:25 CEST.
Flavor | Version | Tinstall | Tcheck | Ttotal | Status | Flags |
---|---|---|---|---|---|---|
r-devel-linux-x86_64-debian-clang | 1.9.1 | 26.31 | 354.41 | 380.72 | NOTE | |
r-devel-linux-x86_64-debian-gcc | 1.9.1 | 17.19 | 232.30 | 249.49 | NOTE | |
r-devel-linux-x86_64-fedora-clang | 1.9.1 | 638.19 | OK | |||
r-devel-linux-x86_64-fedora-gcc | 1.9.1 | 582.27 | OK | |||
r-devel-windows-x86_64 | 1.9.1 | 26.00 | 347.00 | 373.00 | NOTE | |
r-patched-linux-x86_64 | 1.9.1 | 25.93 | 330.67 | 356.60 | NOTE | |
r-release-linux-x86_64 | 1.9.1 | 22.83 | 335.44 | 358.27 | NOTE | |
r-release-macos-arm64 | 1.9.1 | 152.00 | OK | |||
r-release-macos-x86_64 | 1.9.1 | 317.00 | OK | |||
r-release-windows-x86_64 | 1.9.1 | 26.00 | 337.00 | 363.00 | NOTE | |
r-oldrel-macos-arm64 | 1.9.1 | 149.00 | OK | |||
r-oldrel-macos-x86_64 | 1.9.1 | 331.00 | OK | |||
r-oldrel-windows-x86_64 | 1.9.1 | 34.00 | 461.00 | 495.00 | OK |
Version: 1.9.1
Check: Rd cross-references
Result: NOTE
Found the following Rd file(s) with Rd \link{} targets missing package
anchors:
chisq.Rd: after_stat
freqpolygon.Rd: densityplot
plotCumfreq.Rd: densityplot
plotModel.Rd: xyplot
themes.Rd: trellis.par.set, show.settings
xpnorm.Rd: qqmath
Please provide package anchors for all Rd \link{} targets not in the
package itself and the base packages.
Flavors: r-devel-linux-x86_64-debian-clang, r-devel-linux-x86_64-debian-gcc, r-devel-windows-x86_64, r-patched-linux-x86_64, r-release-linux-x86_64, r-release-windows-x86_64