Last updated on 2025-05-28 17:57:28 CEST.
Flavor | Version | Tinstall | Tcheck | Ttotal | Status | Flags |
---|---|---|---|---|---|---|
r-devel-linux-x86_64-debian-clang | 0.3.1 | 3.35 | 47.88 | 51.23 | NOTE | |
r-devel-linux-x86_64-debian-gcc | 0.3.1 | 2.37 | 31.94 | 34.31 | NOTE | |
r-devel-linux-x86_64-fedora-clang | 0.3.1 | 77.33 | NOTE | |||
r-devel-linux-x86_64-fedora-gcc | 0.3.1 | 73.67 | NOTE | |||
r-devel-windows-x86_64 | 0.3.1 | 6.00 | 68.00 | 74.00 | NOTE | |
r-patched-linux-x86_64 | 0.3.1 | 2.78 | 43.54 | 46.32 | NOTE | |
r-release-linux-x86_64 | 0.3.1 | 3.16 | 42.35 | 45.51 | NOTE | |
r-release-macos-arm64 | 0.3.1 | 27.00 | NOTE | |||
r-release-macos-x86_64 | 0.3.1 | 49.00 | NOTE | |||
r-release-windows-x86_64 | 0.3.1 | 7.00 | 65.00 | 72.00 | NOTE | |
r-oldrel-macos-arm64 | 0.3.1 | 27.00 | OK | |||
r-oldrel-macos-x86_64 | 0.3.1 | 53.00 | OK | |||
r-oldrel-windows-x86_64 | 0.3.1 | 7.00 | 78.00 | 85.00 | OK |
Version: 0.3.1
Check: DESCRIPTION meta-information
Result: NOTE
Missing dependency on R >= 4.1.0 because package code uses the pipe
|> or function shorthand \(...) syntax added in R 4.1.0.
File(s) using such syntax:
‘iht_interpreter.Rd’ ‘lr_pow.Rd’ ‘pj_pow.Rd’ ‘replext_helpers.R’
‘replext_helpers_pgsql.R’ ‘rm_interpreter.Rd’
Flavors: r-devel-linux-x86_64-debian-clang, r-devel-linux-x86_64-debian-gcc, r-devel-linux-x86_64-fedora-clang, r-devel-linux-x86_64-fedora-gcc, r-devel-windows-x86_64, r-patched-linux-x86_64, r-release-linux-x86_64, r-release-macos-arm64, r-release-macos-x86_64, r-release-windows-x86_64