CRAN Package Check Results for Package mlr3spatial

Last updated on 2025-05-24 04:49:19 CEST.

Flavor Version Tinstall Tcheck Ttotal Status Flags
r-devel-linux-x86_64-debian-clang 0.5.0 25.02 344.05 369.07 NOTE
r-devel-linux-x86_64-debian-gcc 0.5.0 17.56 210.88 228.44 NOTE
r-devel-linux-x86_64-fedora-clang 0.5.0 488.67 OK
r-devel-linux-x86_64-fedora-gcc 0.5.0 482.14 OK
r-devel-windows-x86_64 0.5.0 25.00 257.00 282.00 NOTE
r-patched-linux-x86_64 0.5.0 25.53 308.29 333.82 NOTE
r-release-linux-x86_64 0.5.0 24.46 309.86 334.32 NOTE
r-release-macos-arm64 0.5.0 149.00 OK
r-release-macos-x86_64 0.5.0 307.00 OK
r-release-windows-x86_64 0.5.0 25.00 304.00 329.00 NOTE
r-oldrel-macos-arm64 0.5.0 119.00 OK
r-oldrel-macos-x86_64 0.5.0 200.00 OK
r-oldrel-windows-x86_64 0.5.0 34.00 360.00 394.00 OK

Check Details

Version: 0.5.0
Check: Rd cross-references
Result: NOTE Found the following Rd file(s) with Rd \link{} targets missing package anchors: TaskClassifST.Rd: TaskClassif, DataBackend, DataBackendDataTable, convert_task TaskRegrST.Rd: TaskRegr, DataBackend, DataBackendDataTable, convert_task as_data_backend.Rd: DataBackend as_task_classif_st.Rd: DataBackend, TaskRegr, convert_task as_task_regr_st.Rd: DataBackend, TaskClassif, convert_task predict_spatial.Rd: Learner Please provide package anchors for all Rd \link{} targets not in the package itself and the base packages. Flavors: r-devel-linux-x86_64-debian-clang, r-devel-linux-x86_64-debian-gcc, r-devel-windows-x86_64, r-patched-linux-x86_64, r-release-linux-x86_64, r-release-windows-x86_64