Last updated on 2025-05-28 13:48:31 CEST.
Flavor | Version | Tinstall | Tcheck | Ttotal | Status | Flags |
---|---|---|---|---|---|---|
r-devel-linux-x86_64-debian-clang | 1.1.2 | 12.60 | 131.62 | 144.22 | OK | |
r-devel-linux-x86_64-debian-gcc | 1.1.2 | 7.81 | 90.21 | 98.02 | OK | |
r-devel-linux-x86_64-fedora-clang | 1.1.2 | 236.60 | NOTE | |||
r-devel-linux-x86_64-fedora-gcc | 1.1.2 | 216.16 | NOTE | |||
r-devel-windows-x86_64 | 1.1.2 | 17.00 | 146.00 | 163.00 | OK | |
r-patched-linux-x86_64 | 1.1.2 | 12.96 | 125.80 | 138.76 | OK | |
r-release-linux-x86_64 | 1.1.2 | 12.38 | 128.74 | 141.12 | OK | |
r-release-macos-arm64 | 1.1.2 | 103.00 | OK | |||
r-release-macos-x86_64 | 1.1.2 | 161.00 | OK | |||
r-release-windows-x86_64 | 1.1.2 | 16.00 | 143.00 | 159.00 | OK | |
r-oldrel-macos-arm64 | 1.1.2 | 141.00 | NOTE | |||
r-oldrel-macos-x86_64 | 1.1.2 | 183.00 | NOTE | |||
r-oldrel-windows-x86_64 | 1.1.2 | 20.00 | 186.00 | 206.00 | NOTE |
Version: 1.1.2
Check: dependencies in R code
Result: NOTE
Namespaces in Imports field not imported from:
‘ClusterR’ ‘MASS’ ‘Rdpack’ ‘multiwave’ ‘randomForest’ ‘ranger’
All declared Imports should be used.
Flavors: r-devel-linux-x86_64-fedora-clang, r-devel-linux-x86_64-fedora-gcc
Version: 1.1.2
Check: package dependencies
Result: NOTE
Packages suggested but not available for checking:
'ueadata1', 'ueadata2', 'ueadata3', 'ueadata4', 'ueadata5',
'ueadata6', 'ueadata7', 'ueadata8'
Flavors: r-oldrel-macos-arm64, r-oldrel-macos-x86_64, r-oldrel-windows-x86_64