Last updated on 2025-07-22 13:49:17 CEST.
Flavor | Version | Tinstall | Tcheck | Ttotal | Status | Flags |
---|---|---|---|---|---|---|
r-devel-linux-x86_64-debian-clang | 1.44.0 | 121.85 | 241.84 | 363.69 | OK | |
r-devel-linux-x86_64-debian-gcc | 1.44.0 | 83.19 | 158.98 | 242.17 | OK | |
r-devel-linux-x86_64-fedora-clang | 1.44.0 | 631.15 | OK | |||
r-devel-linux-x86_64-fedora-gcc | 1.44.0 | 606.92 | OK | |||
r-devel-windows-x86_64 | 1.44.0 | 118.00 | 250.00 | 368.00 | OK | |
r-patched-linux-x86_64 | 1.44.0 | 122.30 | 226.40 | 348.70 | OK | |
r-release-linux-x86_64 | 1.44.0 | 119.49 | 230.74 | 350.23 | OK | |
r-release-macos-arm64 | 1.44.0 | 132.00 | OK | |||
r-release-macos-x86_64 | 1.44.0 | 269.00 | OK | |||
r-release-windows-x86_64 | 1.44.0 | 128.00 | 247.00 | 375.00 | OK | |
r-oldrel-macos-arm64 | 1.44.0 | 139.00 | NOTE | |||
r-oldrel-macos-x86_64 | 1.44.0 | 247.00 | NOTE | |||
r-oldrel-windows-x86_64 | 1.44.0 | 159.00 | 327.00 | 486.00 | OK |
Version: 1.44.0
Check: installed package size
Result: NOTE
installed size is 10.2Mb
sub-directories of 1Mb or more:
R 2.1Mb
libs 7.5Mb
Flavors: r-oldrel-macos-arm64, r-oldrel-macos-x86_64