Last updated on 2025-05-25 04:50:24 CEST.
Flavor | Version | Tinstall | Tcheck | Ttotal | Status | Flags |
---|---|---|---|---|---|---|
r-devel-linux-x86_64-debian-clang | 2.1 | 7.15 | 87.53 | 94.68 | NOTE | |
r-devel-linux-x86_64-debian-gcc | 2.1 | 4.79 | 58.92 | 63.71 | NOTE | |
r-devel-linux-x86_64-fedora-clang | 2.1 | 150.68 | OK | |||
r-devel-linux-x86_64-fedora-gcc | 2.1 | 156.22 | OK | |||
r-devel-windows-x86_64 | 2.1 | 11.00 | 157.00 | 168.00 | OK | |
r-patched-linux-x86_64 | 2.1 | 7.29 | 81.91 | 89.20 | OK | |
r-release-linux-x86_64 | 2.1 | 5.84 | 81.26 | 87.10 | OK | |
r-release-macos-arm64 | 2.1 | 48.00 | OK | |||
r-release-macos-x86_64 | 2.1 | 105.00 | OK | |||
r-release-windows-x86_64 | 2.1 | 9.00 | 106.00 | 115.00 | OK | |
r-oldrel-macos-arm64 | 2.1 | 51.00 | OK | |||
r-oldrel-macos-x86_64 | 2.1 | 81.00 | OK | |||
r-oldrel-windows-x86_64 | 2.1 | 12.00 | 128.00 | 140.00 | OK |
Version: 2.1
Check: CRAN incoming feasibility
Result: NOTE
Maintainer: ‘Lars Snipen <lars.snipen@nmbu.no>’
No Authors@R field in DESCRIPTION.
Please add one, modifying
Authors@R: c(person(given = "Lars",
family = "Snipen",
role = c("aut", "cre"),
email = "lars.snipen@nmbu.no"),
person(given = c("Kristian", "Hovde"),
family = "Liland",
role = "aut"))
as necessary.
Flavors: r-devel-linux-x86_64-debian-clang, r-devel-linux-x86_64-debian-gcc