CRAN Package Check Results for Package metarep

Last updated on 2025-05-28 17:57:27 CEST.

Flavor Version Tinstall Tcheck Ttotal Status Flags
r-devel-linux-x86_64-debian-clang 1.2.0 12.35 116.62 128.97 NOTE
r-devel-linux-x86_64-debian-gcc 1.2.0 8.72 84.33 93.05 NOTE
r-devel-linux-x86_64-fedora-clang 1.2.0 215.32 OK
r-devel-linux-x86_64-fedora-gcc 1.2.0 202.48 OK
r-devel-windows-x86_64 1.2.0 13.00 118.00 131.00 NOTE
r-patched-linux-x86_64 1.2.0 12.41 112.29 124.70 NOTE
r-release-linux-x86_64 1.2.0 11.37 110.17 121.54 NOTE
r-release-macos-arm64 1.2.0 56.00 OK
r-release-macos-x86_64 1.2.0 119.00 OK
r-release-windows-x86_64 1.2.0 15.00 120.00 135.00 NOTE
r-oldrel-macos-arm64 1.2.0 57.00 OK
r-oldrel-macos-x86_64 1.2.0 81.00 OK
r-oldrel-windows-x86_64 1.2.0 19.00 152.00 171.00 OK

Check Details

Version: 1.2.0
Check: Rd cross-references
Result: NOTE Found the following Rd file(s) with Rd \link{} targets missing package anchors: forest.metarep.Rd: forest.meta Please provide package anchors for all Rd \link{} targets not in the package itself and the base packages. Flavors: r-devel-linux-x86_64-debian-clang, r-devel-linux-x86_64-debian-gcc, r-devel-windows-x86_64, r-patched-linux-x86_64, r-release-linux-x86_64, r-release-windows-x86_64