Last updated on 2025-05-27 23:51:57 CEST.
Flavor | Version | Tinstall | Tcheck | Ttotal | Status | Flags |
---|---|---|---|---|---|---|
r-devel-linux-x86_64-debian-clang | 0.6.9 | 816.38 | 260.20 | 1076.58 | OK | |
r-devel-linux-x86_64-debian-gcc | 0.6.9 | 797.64 | 243.13 | 1040.77 | OK | |
r-devel-linux-x86_64-fedora-clang | 0.6.9 | 1745.54 | OK | |||
r-devel-linux-x86_64-fedora-gcc | 0.6.9 | 2332.58 | OK | |||
r-devel-windows-x86_64 | 0.6.9 | 924.00 | 338.00 | 1262.00 | OK | |
r-patched-linux-x86_64 | 0.6.9 | 1017.02 | 338.90 | 1355.92 | OK | |
r-release-linux-x86_64 | 0.6.9 | 982.31 | 334.55 | 1316.86 | OK | |
r-release-macos-arm64 | 0.6.9 | 427.00 | OK | |||
r-release-macos-x86_64 | 0.6.9 | 688.00 | OK | |||
r-release-windows-x86_64 | 0.6.9 | 914.00 | 331.00 | 1245.00 | OK | |
r-oldrel-macos-arm64 | 0.6.9 | 243.00 | NOTE | |||
r-oldrel-macos-x86_64 | 0.6.9 | 241.00 | NOTE | |||
r-oldrel-windows-x86_64 | 0.6.9 | 1073.00 | 434.00 | 1507.00 | NOTE |
Version: 0.6.9
Check: installed package size
Result: NOTE
installed size is 129.7Mb
sub-directories of 1Mb or more:
libs 129.0Mb
Flavors: r-oldrel-macos-arm64, r-oldrel-macos-x86_64, r-oldrel-windows-x86_64
Version: 0.6.9
Check: for GNU extensions in Makefiles
Result: NOTE
GNU make is a SystemRequirements.
Flavors: r-oldrel-macos-arm64, r-oldrel-macos-x86_64