Last updated on 2025-05-28 17:57:27 CEST.
Flavor | Version | Tinstall | Tcheck | Ttotal | Status | Flags |
---|---|---|---|---|---|---|
r-devel-linux-x86_64-debian-clang | 4.5.0 | 24.19 | 264.67 | 288.86 | NOTE | |
r-devel-linux-x86_64-debian-gcc | 4.5.0 | 17.49 | 180.70 | 198.19 | NOTE | |
r-devel-linux-x86_64-fedora-clang | 4.5.0 | 465.81 | OK | |||
r-devel-linux-x86_64-fedora-gcc | 4.5.0 | 461.16 | OK | |||
r-devel-windows-x86_64 | 4.5.0 | 25.00 | 332.00 | 357.00 | NOTE | |
r-patched-linux-x86_64 | 4.5.0 | 22.19 | 255.46 | 277.65 | NOTE | |
r-release-linux-x86_64 | 4.5.0 | 23.45 | 254.90 | 278.35 | NOTE | |
r-release-macos-arm64 | 4.5.0 | 129.00 | OK | |||
r-release-macos-x86_64 | 4.5.0 | 315.00 | OK | |||
r-release-windows-x86_64 | 4.5.0 | 25.00 | 341.00 | 366.00 | NOTE | |
r-oldrel-macos-arm64 | 4.5.0 | 126.00 | OK | |||
r-oldrel-macos-x86_64 | 4.5.0 | 213.00 | OK | |||
r-oldrel-windows-x86_64 | 4.5.0 | 31.00 | 412.00 | 443.00 | OK |
Version: 4.5.0
Check: CRAN incoming feasibility
Result: NOTE
Maintainer: ‘Teppei Yamamoto <teppei@mit.edu>’
No Authors@R field in DESCRIPTION.
Please add one, modifying
Authors@R: c(person(given = "Dustin",
family = "Tingley",
role = "aut",
email = "dtingley@gov.harvard.edu"),
person(given = "Teppei",
family = "Yamamoto",
role = c("aut", "cre"),
email = "teppei@mit.edu"),
person(given = "Kentaro",
family = "Hirose",
role = "aut",
email = "hirose@princeton.edu"),
person(given = "Luke",
family = "Keele",
role = "aut",
email = "ljk20@psu.edu"),
person(given = "Kosuke",
family = "Imai",
role = "aut",
email = "kimai@princeton.edu"),
person(given = "Minh",
family = "Trinh",
role = "aut",
email = "mdtrinh@mit.edu"),
person(given = "Weihuang",
family = "Wong",
role = "aut",
email = "wwong@mit.edu"))
as necessary.
Package CITATION file contains call(s) to old-style personList() or
as.personList(). Please use c() on person objects instead.
Package CITATION file contains call(s) to old-style citEntry(). Please
use bibentry() instead.
Flavors: r-devel-linux-x86_64-debian-clang, r-devel-linux-x86_64-debian-gcc
Version: 4.5.0
Check: Rd cross-references
Result: NOTE
Found the following Rd file(s) with Rd \link{} targets missing package
anchors:
mediate.Rd: survreg, Surv, mgcv, s
Please provide package anchors for all Rd \link{} targets not in the
package itself and the base packages.
Flavors: r-devel-linux-x86_64-debian-clang, r-devel-linux-x86_64-debian-gcc, r-devel-windows-x86_64, r-patched-linux-x86_64, r-release-linux-x86_64, r-release-windows-x86_64