Last updated on 2025-05-24 23:50:16 CEST.
Flavor | Version | Tinstall | Tcheck | Ttotal | Status | Flags |
---|---|---|---|---|---|---|
r-devel-linux-x86_64-debian-clang | 0.8.2 | 13.28 | 59.15 | 72.43 | OK | |
r-devel-linux-x86_64-debian-gcc | 0.8.2 | 10.05 | 42.98 | 53.03 | OK | |
r-devel-linux-x86_64-fedora-clang | 0.8.2 | 119.17 | OK | |||
r-devel-linux-x86_64-fedora-gcc | 0.8.2 | 128.87 | OK | |||
r-devel-windows-x86_64 | 0.8.2 | 21.00 | 115.00 | 136.00 | OK | |
r-patched-linux-x86_64 | 0.8.2 | 12.86 | 53.31 | 66.17 | OK | |
r-release-linux-x86_64 | 0.8.2 | 13.13 | 54.57 | 67.70 | OK | |
r-release-macos-arm64 | 0.8.2 | 61.00 | OK | |||
r-release-macos-x86_64 | 0.8.2 | 73.00 | OK | |||
r-release-windows-x86_64 | 0.8.2 | 18.00 | 100.00 | 118.00 | OK | |
r-oldrel-macos-arm64 | 0.8.2 | 41.00 | NOTE | |||
r-oldrel-macos-x86_64 | 0.8.2 | 61.00 | NOTE | |||
r-oldrel-windows-x86_64 | 0.8.2 | 22.00 | 110.00 | 132.00 | NOTE |
Version: 0.8.2
Check: LazyData
Result: NOTE
'LazyData' is specified without a 'data' directory
Flavors: r-oldrel-macos-arm64, r-oldrel-macos-x86_64, r-oldrel-windows-x86_64