Last updated on 2025-05-24 17:52:11 CEST.
Flavor | Version | Tinstall | Tcheck | Ttotal | Status | Flags |
---|---|---|---|---|---|---|
r-devel-linux-x86_64-debian-clang | 0.1.1 | 2.94 | 36.46 | 39.40 | OK | |
r-devel-linux-x86_64-debian-gcc | 0.1.1 | 2.08 | 27.85 | 29.93 | OK | |
r-devel-linux-x86_64-fedora-clang | 0.1.1 | 60.89 | OK | |||
r-devel-linux-x86_64-fedora-gcc | 0.1.1 | 72.86 | OK | |||
r-devel-windows-x86_64 | 0.1.1 | 6.00 | 108.00 | 114.00 | OK | |
r-patched-linux-x86_64 | 0.1.1 | 2.95 | 32.90 | 35.85 | OK | |
r-release-linux-x86_64 | 0.1.1 | 3.01 | 33.17 | 36.18 | OK | |
r-release-macos-arm64 | 0.1.1 | 66.00 | OK | |||
r-release-macos-x86_64 | 0.1.1 | 47.00 | OK | |||
r-release-windows-x86_64 | 0.1.1 | 5.00 | 132.00 | 137.00 | OK | |
r-oldrel-macos-arm64 | 0.1.1 | 29.00 | NOTE | |||
r-oldrel-macos-x86_64 | 0.1.1 | 44.00 | NOTE | |||
r-oldrel-windows-x86_64 | 0.1.1 | 6.00 | 63.00 | 69.00 | NOTE |
Version: 0.1.1
Check: LazyData
Result: NOTE
'LazyData' is specified without a 'data' directory
Flavors: r-oldrel-macos-arm64, r-oldrel-macos-x86_64, r-oldrel-windows-x86_64