Last updated on 2025-07-22 17:50:38 CEST.
Flavor | Version | Tinstall | Tcheck | Ttotal | Status | Flags |
---|---|---|---|---|---|---|
r-devel-linux-x86_64-debian-clang | 0.2.79 | 48.64 | 254.59 | 303.23 | OK | |
r-devel-linux-x86_64-debian-gcc | 0.2.79 | 36.22 | 199.58 | 235.80 | OK | |
r-devel-linux-x86_64-fedora-clang | 0.2.79 | 481.18 | NOTE | |||
r-devel-linux-x86_64-fedora-gcc | 0.2.79 | 507.82 | NOTE | |||
r-devel-windows-x86_64 | 0.2.79 | 63.00 | 279.00 | 342.00 | OK | |
r-patched-linux-x86_64 | 0.2.79 | 51.53 | 243.31 | 294.84 | OK | |
r-release-linux-x86_64 | 0.2.79 | 48.45 | 242.52 | 290.97 | OK | |
r-release-macos-arm64 | 0.2.79 | 285.00 | OK | |||
r-release-macos-x86_64 | 0.2.79 | 336.00 | OK | |||
r-release-windows-x86_64 | 0.2.79 | 65.00 | 282.00 | 347.00 | OK | |
r-oldrel-macos-arm64 | 0.2.79 | 156.00 | NOTE | |||
r-oldrel-macos-x86_64 | 0.2.79 | 233.00 | NOTE | |||
r-oldrel-windows-x86_64 | 0.2.79 | 77.00 | 372.00 | 449.00 | OK |
Version: 0.2.79
Check: dependencies in R code
Result: NOTE
Namespace in Imports field not imported from: ‘softImpute’
All declared Imports should be used.
Flavors: r-devel-linux-x86_64-fedora-clang, r-devel-linux-x86_64-fedora-gcc
Version: 0.2.79
Check: installed package size
Result: NOTE
installed size is 8.3Mb
sub-directories of 1Mb or more:
libs 7.4Mb
Flavors: r-oldrel-macos-arm64, r-oldrel-macos-x86_64