CRAN Package Check Results for Package malani

Last updated on 2025-05-28 17:57:27 CEST.

Flavor Version Tinstall Tcheck Ttotal Status Flags
r-devel-linux-x86_64-debian-clang 1.0 1.80 27.24 29.04 NOTE
r-devel-linux-x86_64-debian-gcc 1.0 1.43 21.21 22.64 NOTE
r-devel-linux-x86_64-fedora-clang 1.0 47.97 OK
r-devel-linux-x86_64-fedora-gcc 1.0 45.54 OK
r-devel-windows-x86_64 1.0 3.00 48.00 51.00 OK
r-patched-linux-x86_64 1.0 1.92 25.88 27.80 OK
r-release-linux-x86_64 1.0 1.81 25.97 27.78 OK
r-release-macos-arm64 1.0 27.00 OK
r-release-macos-x86_64 1.0 29.00 OK
r-release-windows-x86_64 1.0 4.00 50.00 54.00 OK
r-oldrel-macos-arm64 1.0 20.00 OK
r-oldrel-macos-x86_64 1.0 26.00 OK
r-oldrel-windows-x86_64 1.0 4.00 51.00 55.00 OK

Check Details

Version: 1.0
Check: CRAN incoming feasibility
Result: NOTE Maintainer: ‘Mehrab Ghanat Bari <m.ghanatbari@gmail.com>’ No Authors@R field in DESCRIPTION. Please add one, modifying Authors@R: person(given = c("Mehrab", "Ghanat"), family = "Bari", role = c("aut", "cre"), email = "m.ghanatbari@gmail.com") as necessary. Flavors: r-devel-linux-x86_64-debian-clang, r-devel-linux-x86_64-debian-gcc