Last updated on 2025-05-24 17:52:10 CEST.
Flavor | Version | Tinstall | Tcheck | Ttotal | Status | Flags |
---|---|---|---|---|---|---|
r-devel-linux-x86_64-debian-clang | 1.3.4 | 22.90 | 270.73 | 293.63 | NOTE | |
r-devel-linux-x86_64-debian-gcc | 1.3.4 | 17.02 | 194.55 | 211.57 | NOTE | |
r-devel-linux-x86_64-fedora-clang | 1.3.4 | 2.37 | ERROR | |||
r-devel-linux-x86_64-fedora-gcc | 1.3.4 | 2.54 | ERROR | |||
r-devel-windows-x86_64 | 1.3.4 | 17.00 | 452.00 | 469.00 | NOTE | |
r-patched-linux-x86_64 | 1.3.4 | 20.75 | 257.21 | 277.96 | NOTE | |
r-release-linux-x86_64 | 1.3.4 | 20.16 | 258.38 | 278.54 | NOTE | |
r-release-macos-arm64 | 1.3.4 | 348.00 | OK | |||
r-release-macos-x86_64 | 1.3.4 | 570.00 | OK | |||
r-release-windows-x86_64 | 1.3.4 | 25.00 | 884.00 | 909.00 | NOTE | |
r-oldrel-macos-arm64 | 1.3.4 | 240.00 | OK | |||
r-oldrel-macos-x86_64 | 1.3.4 | 257.00 | OK | |||
r-oldrel-windows-x86_64 | 1.3.4 | 26.00 | 344.00 | 370.00 | OK |
Version: 1.3.4
Check: Rd cross-references
Result: NOTE
Found the following Rd file(s) with Rd \link{} targets missing package
anchors:
g_getLocations.Rd: l_getLocations
g_getPlots.Rd: l_getPlots
geom_imageGlyph-deprecated.Rd: geom_image_glyph, geom_polygon_glyph
geom_pointrangeGlyph-deprecated.Rd: geom_pointrange
geom_serialAxesGlyph-deprecated.Rd: geom_serialaxes_glyph
geom_textGlyph-deprecated.Rd: geom_text
ggSerialAxes-deprecated.Rd: coord_serialaxes
interactivity.Rd: l_info_states
l_ggplot.Rd: ggplot
linking.Rd: l_getLinkedStates, l_setLinkedStates, l_configure
scaleBox.Rd: l_scale3D
selection.Rd: l_userOptions
zoom.Rd: l_scaleto_plot, l_scaleto_layer, l_scaleto_world,
l_scaleto_active, l_scaleto_selected
Please provide package anchors for all Rd \link{} targets not in the
package itself and the base packages.
Flavors: r-devel-linux-x86_64-debian-clang, r-devel-linux-x86_64-debian-gcc, r-devel-windows-x86_64, r-patched-linux-x86_64, r-release-linux-x86_64, r-release-windows-x86_64
Version: 1.3.4
Check: package dependencies
Result: ERROR
Package required but not available: ‘loon’
See section ‘The DESCRIPTION file’ in the ‘Writing R Extensions’
manual.
Flavors: r-devel-linux-x86_64-fedora-clang, r-devel-linux-x86_64-fedora-gcc