CRAN Package Check Results for Package lookupTable

Last updated on 2025-05-25 17:51:57 CEST.

Flavor Version Tinstall Tcheck Ttotal Status Flags
r-devel-linux-x86_64-debian-clang 0.1 5.04 35.76 40.80 OK
r-devel-linux-x86_64-debian-gcc 0.1 3.55 27.43 30.98 OK
r-devel-linux-x86_64-fedora-clang 0.1 64.22 OK
r-devel-linux-x86_64-fedora-gcc 0.1 58.83 OK
r-devel-windows-x86_64 0.1 8.00 97.00 105.00 OK
r-patched-linux-x86_64 0.1 4.58 33.74 38.32 OK
r-release-linux-x86_64 0.1 4.87 33.72 38.59 OK
r-release-macos-arm64 0.1 31.00 OK
r-release-macos-x86_64 0.1 40.00 OK
r-release-windows-x86_64 0.1 7.00 54.00 61.00 OK
r-oldrel-macos-arm64 0.1 25.00 NOTE
r-oldrel-macos-x86_64 0.1 38.00 NOTE
r-oldrel-windows-x86_64 0.1 8.00 60.00 68.00 NOTE

Check Details

Version: 0.1
Check: LazyData
Result: NOTE 'LazyData' is specified without a 'data' directory Flavors: r-oldrel-macos-arm64, r-oldrel-macos-x86_64, r-oldrel-windows-x86_64