Last updated on 2025-05-28 09:52:59 CEST.
Flavor | Version | Tinstall | Tcheck | Ttotal | Status | Flags |
---|---|---|---|---|---|---|
r-devel-linux-x86_64-debian-clang | 1.3.0 | 16.80 | 125.54 | 142.34 | NOTE | |
r-devel-linux-x86_64-debian-gcc | 1.3.0 | 12.00 | 88.66 | 100.66 | NOTE | |
r-devel-linux-x86_64-fedora-clang | 1.3.0 | 220.81 | NOTE | |||
r-devel-linux-x86_64-fedora-gcc | 1.3.0 | 199.79 | NOTE | |||
r-devel-windows-x86_64 | 1.3.0 | 19.00 | 128.00 | 147.00 | NOTE | |
r-patched-linux-x86_64 | 1.3.0 | 18.36 | 114.64 | 133.00 | NOTE | |
r-release-linux-x86_64 | 1.3.0 | 15.02 | 115.92 | 130.94 | NOTE | |
r-release-macos-arm64 | 1.3.0 | 63.00 | NOTE | |||
r-release-macos-x86_64 | 1.3.0 | 115.00 | NOTE | |||
r-release-windows-x86_64 | 1.3.0 | 19.00 | 126.00 | 145.00 | NOTE | |
r-oldrel-macos-arm64 | 1.3.0 | 55.00 | OK | |||
r-oldrel-macos-x86_64 | 1.3.0 | 95.00 | OK | |||
r-oldrel-windows-x86_64 | 1.3.0 | 25.00 | 159.00 | 184.00 | OK |
Version: 1.3.0
Check: DESCRIPTION meta-information
Result: NOTE
Missing dependency on R >= 4.1.0 because package code uses the pipe
|> or function shorthand \(...) syntax added in R 4.1.0.
File(s) using such syntax:
‘mod_carga_datos.R’ ‘mod_correlacion_utils.R’ ‘mod_dispersion.R’
‘mod_distribuciones.R’ ‘mod_distribuciones_fct.R’
‘mod_distribuciones_utils.R’ ‘mod_normal_utils.R’
Flavors: r-devel-linux-x86_64-debian-clang, r-devel-linux-x86_64-debian-gcc, r-devel-linux-x86_64-fedora-clang, r-devel-linux-x86_64-fedora-gcc, r-devel-windows-x86_64, r-patched-linux-x86_64, r-release-linux-x86_64, r-release-macos-arm64, r-release-macos-x86_64, r-release-windows-x86_64