Last updated on 2025-05-24 23:50:15 CEST.
Flavor | Version | Tinstall | Tcheck | Ttotal | Status | Flags |
---|---|---|---|---|---|---|
r-devel-linux-x86_64-debian-clang | 1.0.0 | 24.01 | 138.66 | 162.67 | NOTE | |
r-devel-linux-x86_64-debian-gcc | 1.0.0 | 19.72 | 102.49 | 122.21 | NOTE | |
r-devel-linux-x86_64-fedora-clang | 1.0.0 | 251.32 | NOTE | |||
r-devel-linux-x86_64-fedora-gcc | 1.0.0 | 244.93 | NOTE | |||
r-devel-windows-x86_64 | 1.0.0 | 19.00 | 125.00 | 144.00 | NOTE | |
r-patched-linux-x86_64 | 1.0.0 | 23.74 | 134.41 | 158.15 | NOTE | |
r-release-linux-x86_64 | 1.0.0 | 26.14 | 133.46 | 159.60 | NOTE | |
r-release-macos-arm64 | 1.0.0 | 61.00 | NOTE | |||
r-release-macos-x86_64 | 1.0.0 | 129.00 | NOTE | |||
r-release-windows-x86_64 | 1.0.0 | 20.00 | 126.00 | 146.00 | NOTE | |
r-oldrel-macos-arm64 | 1.0.0 | 63.00 | NOTE | |||
r-oldrel-macos-x86_64 | 1.0.0 | 118.00 | NOTE | |||
r-oldrel-windows-x86_64 | 1.0.0 | 25.00 | 151.00 | 176.00 | NOTE |
Version: 1.0.0
Check: Rd files
Result: NOTE
checkRd: (-1) MHDI.Rd:23: Escaped LaTeX specials: \&
Flavors: r-devel-linux-x86_64-debian-clang, r-devel-linux-x86_64-debian-gcc, r-devel-linux-x86_64-fedora-clang, r-devel-linux-x86_64-fedora-gcc, r-devel-windows-x86_64, r-patched-linux-x86_64, r-release-linux-x86_64, r-release-macos-arm64, r-release-macos-x86_64, r-release-windows-x86_64, r-oldrel-macos-arm64, r-oldrel-macos-x86_64, r-oldrel-windows-x86_64