Last updated on 2025-05-24 23:50:15 CEST.
Flavor | Version | Tinstall | Tcheck | Ttotal | Status | Flags |
---|---|---|---|---|---|---|
r-devel-linux-x86_64-debian-clang | 1.2.0 | 1.20 | 17.21 | 18.41 | NOTE | |
r-devel-linux-x86_64-debian-gcc | 1.2.0 | 1.30 | 14.39 | 15.69 | NOTE | |
r-devel-linux-x86_64-fedora-clang | 1.2.0 | 29.41 | OK | |||
r-devel-linux-x86_64-fedora-gcc | 1.2.0 | 27.44 | OK | |||
r-devel-windows-x86_64 | 1.2.0 | 2.00 | 75.00 | 77.00 | OK | |
r-patched-linux-x86_64 | 1.2.0 | 1.37 | 16.35 | 17.72 | OK | |
r-release-linux-x86_64 | 1.2.0 | 1.13 | 16.39 | 17.52 | OK | |
r-release-macos-arm64 | 1.2.0 | 15.00 | OK | |||
r-release-macos-x86_64 | 1.2.0 | 24.00 | OK | |||
r-release-windows-x86_64 | 1.2.0 | 3.00 | 39.00 | 42.00 | OK | |
r-oldrel-macos-arm64 | 1.2.0 | 14.00 | OK | |||
r-oldrel-macos-x86_64 | 1.2.0 | 20.00 | OK | |||
r-oldrel-windows-x86_64 | 1.2.0 | 2.00 | 41.00 | 43.00 | OK |
Version: 1.2.0
Check: CRAN incoming feasibility
Result: NOTE
Maintainer: ‘Russell S. Pierce <russell.s.pierce@gmail.com>’
No Authors@R field in DESCRIPTION.
Please add one, modifying
Authors@R: person(given = c("Russell", "S."),
family = "Pierce",
role = c("aut", "cre"),
email = "russell.s.pierce@gmail.com")
as necessary.
The BugReports field in DESCRIPTION has
https://github.com/drknexus/listWithDefaults
which should likely be
https://github.com/drknexus/listWithDefaults/issues
instead.
Flavors: r-devel-linux-x86_64-debian-clang, r-devel-linux-x86_64-debian-gcc