Last updated on 2025-07-13 13:49:19 CEST.
Flavor | Version | Tinstall | Tcheck | Ttotal | Status | Flags |
---|---|---|---|---|---|---|
r-devel-linux-x86_64-debian-clang | 1.0.5 | 14.44 | 26.67 | 41.11 | OK | |
r-devel-linux-x86_64-debian-gcc | 1.0.5 | 10.44 | 21.98 | 32.42 | OK | |
r-devel-linux-x86_64-fedora-clang | 1.0.5 | 68.72 | OK | |||
r-devel-linux-x86_64-fedora-gcc | 1.0.5 | 65.18 | OK | |||
r-devel-windows-x86_64 | 1.0.5 | 22.00 | 74.00 | 96.00 | OK | |
r-patched-linux-x86_64 | 1.0.5 | 15.27 | 25.17 | 40.44 | OK | |
r-release-linux-x86_64 | 1.0.5 | 14.20 | 25.34 | 39.54 | OK | |
r-release-macos-arm64 | 1.0.5 | 30.00 | OK | |||
r-release-macos-x86_64 | 1.0.5 | 38.00 | OK | |||
r-release-windows-x86_64 | 1.0.5 | 21.00 | 86.00 | 107.00 | OK | |
r-oldrel-macos-arm64 | 1.0.5 | 27.00 | OK | |||
r-oldrel-macos-x86_64 | 1.0.5 | 42.00 | NOTE | |||
r-oldrel-windows-x86_64 | 1.0.5 | 21.00 | 83.00 | 104.00 | OK |
Version: 1.0.5
Check: installed package size
Result: NOTE
installed size is 5.1Mb
sub-directories of 1Mb or more:
libs 4.9Mb
Flavor: r-oldrel-macos-x86_64