Last updated on 2025-05-29 04:50:23 CEST.
Flavor | Version | Tinstall | Tcheck | Ttotal | Status | Flags |
---|---|---|---|---|---|---|
r-devel-linux-x86_64-debian-clang | 0.1.2 | 1.58 | 18.96 | 20.54 | OK | |
r-devel-linux-x86_64-debian-gcc | 0.1.2 | 1.41 | 15.63 | 17.04 | OK | |
r-devel-linux-x86_64-fedora-clang | 0.1.2 | 30.88 | OK | |||
r-devel-linux-x86_64-fedora-gcc | 0.1.2 | 55.30 | OK | |||
r-devel-windows-x86_64 | 0.1.2 | 3.00 | 39.00 | 42.00 | OK | |
r-patched-linux-x86_64 | 0.1.2 | 1.56 | 17.06 | 18.62 | OK | |
r-release-linux-x86_64 | 0.1.2 | 1.36 | 17.37 | 18.73 | OK | |
r-release-macos-arm64 | 0.1.2 | 35.00 | OK | |||
r-release-macos-x86_64 | 0.1.2 | 118.00 | OK | |||
r-release-windows-x86_64 | 0.1.2 | 3.00 | 46.00 | 49.00 | OK | |
r-oldrel-macos-arm64 | 0.1.2 | 43.00 | NOTE | |||
r-oldrel-macos-x86_64 | 0.1.2 | 50.00 | NOTE | |||
r-oldrel-windows-x86_64 | 0.1.2 | 3.00 | 42.00 | 45.00 | NOTE |
Version: 0.1.2
Check: LazyData
Result: NOTE
'LazyData' is specified without a 'data' directory
Flavors: r-oldrel-macos-arm64, r-oldrel-macos-x86_64, r-oldrel-windows-x86_64