CRAN Package Check Results for Package keyholder

Last updated on 2025-07-21 13:50:56 CEST.

Flavor Version Tinstall Tcheck Ttotal Status Flags
r-devel-linux-x86_64-debian-clang 0.1.7 4.51 54.69 59.20 NOTE
r-devel-linux-x86_64-debian-gcc 0.1.7 2.97 39.60 42.57 NOTE
r-devel-linux-x86_64-fedora-clang 0.1.7 89.47 OK
r-devel-linux-x86_64-fedora-gcc 0.1.7 103.93 OK
r-devel-windows-x86_64 0.1.7 7.00 71.00 78.00 NOTE
r-patched-linux-x86_64 0.1.7 4.50 50.22 54.72 NOTE
r-release-linux-x86_64 0.1.7 3.91 50.18 54.09 NOTE
r-release-macos-arm64 0.1.7 53.00 OK
r-release-macos-x86_64 0.1.7 65.00 OK
r-release-windows-x86_64 0.1.7 6.00 69.00 75.00 NOTE
r-oldrel-macos-arm64 0.1.7 34.00 OK
r-oldrel-macos-x86_64 0.1.7 53.00 OK
r-oldrel-windows-x86_64 0.1.7 7.00 83.00 90.00 OK

Check Details

Version: 0.1.7
Check: Rd cross-references
Result: NOTE Found the following Rd file(s) with Rd \link{} targets missing package anchors: keyed-df-one-tbl.Rd: dplyr keyed-df-two-tbl.Rd: dplyr Please provide package anchors for all Rd \link{} targets not in the package itself and the base packages. Flavors: r-devel-linux-x86_64-debian-clang, r-devel-linux-x86_64-debian-gcc, r-devel-windows-x86_64, r-patched-linux-x86_64, r-release-linux-x86_64, r-release-windows-x86_64