Last updated on 2025-05-28 09:52:58 CEST.
Flavor | Version | Tinstall | Tcheck | Ttotal | Status | Flags |
---|---|---|---|---|---|---|
r-devel-linux-x86_64-debian-clang | 0.1.1 | 6.49 | 72.56 | 79.05 | NOTE | |
r-devel-linux-x86_64-debian-gcc | 0.1.1 | 4.89 | 49.78 | 54.67 | NOTE | |
r-devel-linux-x86_64-fedora-clang | 0.1.1 | 123.32 | OK | |||
r-devel-linux-x86_64-fedora-gcc | 0.1.1 | 126.83 | OK | |||
r-devel-windows-x86_64 | 0.1.1 | 10.00 | 83.00 | 93.00 | OK | |
r-patched-linux-x86_64 | 0.1.1 | 7.03 | 67.38 | 74.41 | OK | |
r-release-linux-x86_64 | 0.1.1 | 6.74 | 68.19 | 74.93 | OK | |
r-release-macos-arm64 | 0.1.1 | 45.00 | OK | |||
r-release-macos-x86_64 | 0.1.1 | 71.00 | OK | |||
r-release-windows-x86_64 | 0.1.1 | 10.00 | 88.00 | 98.00 | OK | |
r-oldrel-macos-arm64 | 0.1.1 | 38.00 | OK | |||
r-oldrel-macos-x86_64 | 0.1.1 | 61.00 | OK | |||
r-oldrel-windows-x86_64 | 0.1.1 | 12.00 | 108.00 | 120.00 | OK |
Version: 0.1.1
Check: CRAN incoming feasibility
Result: NOTE
Maintainer: ‘Noelia Otero <noeli1680@gmail.com>’
No Authors@R field in DESCRIPTION.
Please add one, modifying
Authors@R: person(given = "Noelia",
family = "Otero",
role = c("aut", "cre"),
email = "noeli1680@gmail.com")
as necessary.
Flavors: r-devel-linux-x86_64-debian-clang, r-devel-linux-x86_64-debian-gcc