CRAN Package Check Results for Package intkrige

Last updated on 2025-05-25 13:49:46 CEST.

Flavor Version Tinstall Tcheck Ttotal Status Flags
r-devel-linux-x86_64-debian-clang 1.0.1 63.56 367.29 430.85 NOTE
r-devel-linux-x86_64-debian-gcc 1.0.1 44.70 241.53 286.23 NOTE
r-devel-linux-x86_64-fedora-clang 1.0.1 644.47 ERROR
r-devel-linux-x86_64-fedora-gcc 1.0.1 594.74 ERROR
r-devel-windows-x86_64 1.0.1 68.00 325.00 393.00 NOTE
r-patched-linux-x86_64 1.0.1 64.70 359.94 424.64 NOTE
r-release-linux-x86_64 1.0.1 62.55 361.64 424.19 NOTE
r-release-macos-arm64 1.0.1 224.00 NOTE
r-release-macos-x86_64 1.0.1 390.00 NOTE
r-release-windows-x86_64 1.0.1 67.00 312.00 379.00 NOTE
r-oldrel-macos-arm64 1.0.1 173.00 NOTE
r-oldrel-macos-x86_64 1.0.1 304.00 NOTE
r-oldrel-windows-x86_64 1.0.1 87.00 439.00 526.00 NOTE

Check Details

Version: 1.0.1
Check: C++ specification
Result: NOTE Specified C++11: please drop specification unless essential Flavors: r-devel-linux-x86_64-debian-clang, r-devel-linux-x86_64-debian-gcc, r-devel-linux-x86_64-fedora-clang, r-devel-linux-x86_64-fedora-gcc, r-devel-windows-x86_64, r-patched-linux-x86_64, r-release-linux-x86_64, r-release-macos-arm64, r-release-macos-x86_64, r-release-windows-x86_64, r-oldrel-macos-arm64, r-oldrel-macos-x86_64, r-oldrel-windows-x86_64

Version: 1.0.1
Check: tests
Result: ERROR Running ‘testthat.R’ [0m/90m] Running the tests in ‘tests/testthat.R’ failed. Complete output: > library(testthat) > library(intkrige) Loading required package: sp Loading required package: gstat Loading required package: raster > > test_check("intkrige") OMP: Warning #96: Cannot form a team with 24 threads, using 2 instead. OMP: Hint Consider unsetting KMP_DEVICE_THREAD_LIMIT (KMP_ALL_THREADS), KMP_TEAMS_THREAD_LIMIT, and OMP_THREAD_LIMIT (if any are set). Flavor: r-devel-linux-x86_64-fedora-clang

Version: 1.0.1
Check: tests
Result: ERROR Running ‘testthat.R’ [0m/90m] Running the tests in ‘tests/testthat.R’ failed. Complete output: > library(testthat) > library(intkrige) Loading required package: sp Loading required package: gstat Loading required package: raster > > test_check("intkrige") Flavor: r-devel-linux-x86_64-fedora-gcc