Last updated on 2025-05-25 17:51:55 CEST.
Flavor | Version | Tinstall | Tcheck | Ttotal | Status | Flags |
---|---|---|---|---|---|---|
r-devel-linux-x86_64-debian-clang | 0.4.1 | 19.31 | 27.24 | 46.55 | NOTE | |
r-devel-linux-x86_64-debian-gcc | 0.4.1 | 14.22 | 21.47 | 35.69 | NOTE | |
r-devel-linux-x86_64-fedora-clang | 0.4.1 | 86.14 | OK | |||
r-devel-linux-x86_64-fedora-gcc | 0.4.1 | 81.85 | OK | |||
r-devel-windows-x86_64 | 0.4.1 | 25.00 | 65.00 | 90.00 | OK | |
r-patched-linux-x86_64 | 0.4.1 | 19.58 | 26.02 | 45.60 | OK | |
r-release-linux-x86_64 | 0.4.1 | 17.85 | 26.02 | 43.87 | OK | |
r-release-macos-arm64 | 0.4.1 | 27.00 | OK | |||
r-release-macos-x86_64 | 0.4.1 | 51.00 | OK | |||
r-release-windows-x86_64 | 0.4.1 | 24.00 | 70.00 | 94.00 | OK | |
r-oldrel-macos-arm64 | 0.4.1 | 25.00 | OK | |||
r-oldrel-macos-x86_64 | 0.4.1 | 38.00 | OK | |||
r-oldrel-windows-x86_64 | 0.4.1 | 29.00 | 82.00 | 111.00 | OK |
Version: 0.4.1
Check: CRAN incoming feasibility
Result: NOTE
Maintainer: ‘Fei Zhou <fei.zhou@outlook.com>’
No Authors@R field in DESCRIPTION.
Please add one, modifying
Authors@R: c(person(given = "Fei",
family = "Zhou",
role = c("aut", "cre"),
email = "fei.zhou@outlook.com"),
person(given = "Jie",
family = "Ren",
role = "aut"),
person(given = "Yuwen",
family = "Liu",
role = "aut"),
person(given = "Xiaoxi",
family = "Li",
role = "aut"),
person(given = "Cen",
family = "Wu",
role = "aut"),
person(given = "Yu",
family = "Jiang",
role = "aut"))
as necessary.
Flavors: r-devel-linux-x86_64-debian-clang, r-devel-linux-x86_64-debian-gcc