Last updated on 2025-05-28 17:57:25 CEST.
Flavor | Version | Tinstall | Tcheck | Ttotal | Status | Flags |
---|---|---|---|---|---|---|
r-devel-linux-x86_64-debian-clang | 1.5-7 | 14.86 | 205.62 | 220.48 | NOTE | |
r-devel-linux-x86_64-debian-gcc | 1.5-7 | 11.47 | 141.48 | 152.95 | NOTE | |
r-devel-linux-x86_64-fedora-clang | 1.5-7 | 333.05 | OK | |||
r-devel-linux-x86_64-fedora-gcc | 1.5-7 | 326.58 | OK | |||
r-devel-windows-x86_64 | 1.5-7 | 15.00 | 195.00 | 210.00 | OK | |
r-patched-linux-x86_64 | 1.5-7 | 14.37 | 195.72 | 210.09 | NOTE | |
r-release-linux-x86_64 | 1.5-7 | 14.72 | 195.48 | 210.20 | NOTE | |
r-release-macos-arm64 | 1.5-7 | 134.00 | OK | |||
r-release-macos-x86_64 | 1.5-7 | 176.00 | OK | |||
r-release-windows-x86_64 | 1.5-7 | 19.00 | 195.00 | 214.00 | OK | |
r-oldrel-macos-arm64 | 1.5-7 | 86.00 | OK | |||
r-oldrel-macos-x86_64 | 1.5-7 | 137.00 | OK | |||
r-oldrel-windows-x86_64 | 1.5-7 | 22.00 | 254.00 | 276.00 | OK |
Version: 1.5-7
Check: for unstated dependencies in ‘demo’
Result: NOTE
'library' or 'require' call not declared from: ‘rworldmap’
Flavors: r-devel-linux-x86_64-debian-clang, r-devel-linux-x86_64-debian-gcc, r-patched-linux-x86_64, r-release-linux-x86_64