CRAN Package Check Results for Package influenceAUC

Last updated on 2025-07-22 17:50:36 CEST.

Flavor Version Tinstall Tcheck Ttotal Status Flags
r-devel-linux-x86_64-debian-clang 0.1.2 6.22 55.43 61.65 OK
r-devel-linux-x86_64-debian-gcc 0.1.2 4.28 40.88 45.16 OK
r-devel-linux-x86_64-fedora-clang 0.1.2 97.15 OK
r-devel-linux-x86_64-fedora-gcc 0.1.2 87.54 OK
r-devel-windows-x86_64 0.1.2 7.00 68.00 75.00 OK
r-patched-linux-x86_64 0.1.2 6.59 51.23 57.82 OK
r-release-linux-x86_64 0.1.2 5.85 51.22 57.07 OK
r-release-macos-arm64 0.1.2 27.00 OK
r-release-macos-x86_64 0.1.2 53.00 OK
r-release-windows-x86_64 0.1.2 7.00 68.00 75.00 OK
r-oldrel-macos-arm64 0.1.2 29.00 NOTE
r-oldrel-macos-x86_64 0.1.2 42.00 NOTE
r-oldrel-windows-x86_64 0.1.2 10.00 84.00 94.00 NOTE

Check Details

Version: 0.1.2
Check: LazyData
Result: NOTE 'LazyData' is specified without a 'data' directory Flavors: r-oldrel-macos-arm64, r-oldrel-macos-x86_64, r-oldrel-windows-x86_64