Last updated on 2025-07-22 09:50:35 CEST.
Flavor | Version | Tinstall | Tcheck | Ttotal | Status | Flags |
---|---|---|---|---|---|---|
r-devel-linux-x86_64-debian-clang | 1.0 | 55.11 | 26.48 | 81.59 | OK | |
r-devel-linux-x86_64-debian-gcc | 1.0 | 43.40 | 22.54 | 65.94 | OK | |
r-devel-linux-x86_64-fedora-clang | 1.0 | 126.17 | OK | |||
r-devel-linux-x86_64-fedora-gcc | 1.0 | 120.50 | OK | |||
r-devel-windows-x86_64 | 1.0 | 55.00 | 45.00 | 100.00 | OK | |
r-patched-linux-x86_64 | 1.0 | 54.30 | 24.02 | 78.32 | OK | |
r-release-linux-x86_64 | 1.0 | 52.53 | 24.32 | 76.85 | OK | |
r-release-macos-arm64 | 1.0 | 57.00 | OK | |||
r-release-macos-x86_64 | 1.0 | 94.00 | OK | |||
r-release-windows-x86_64 | 1.0 | 51.00 | 49.00 | 100.00 | OK | |
r-oldrel-macos-arm64 | 1.0 | 52.00 | NOTE | |||
r-oldrel-macos-x86_64 | 1.0 | 75.00 | NOTE | |||
r-oldrel-windows-x86_64 | 1.0 | 61.00 | 54.00 | 115.00 | NOTE |
Version: 1.0
Check: package dependencies
Result: NOTE
Package suggested but not available for checking: ‘icd’
Flavors: r-oldrel-macos-arm64, r-oldrel-macos-x86_64, r-oldrel-windows-x86_64
Version: 1.0
Check: installed package size
Result: NOTE
installed size is 5.8Mb
sub-directories of 1Mb or more:
data 5.6Mb
Flavors: r-oldrel-macos-arm64, r-oldrel-macos-x86_64