Last updated on 2025-05-25 04:50:21 CEST.
Flavor | Version | Tinstall | Tcheck | Ttotal | Status | Flags |
---|---|---|---|---|---|---|
r-devel-linux-x86_64-debian-clang | 1.3.4 | 14.68 | 130.92 | 145.60 | NOTE | |
r-devel-linux-x86_64-debian-gcc | 1.3.4 | 10.91 | 93.54 | 104.45 | NOTE | |
r-devel-linux-x86_64-fedora-clang | 1.3.4 | 230.95 | OK | |||
r-devel-linux-x86_64-fedora-gcc | 1.3.4 | 217.27 | OK | |||
r-devel-windows-x86_64 | 1.3.4 | 18.00 | 126.00 | 144.00 | NOTE | |
r-patched-linux-x86_64 | 1.3.4 | 16.83 | 121.84 | 138.67 | NOTE | |
r-release-linux-x86_64 | 1.3.4 | 14.31 | 122.57 | 136.88 | NOTE | |
r-release-macos-arm64 | 1.3.4 | 54.00 | OK | |||
r-release-macos-x86_64 | 1.3.4 | 109.00 | OK | |||
r-release-windows-x86_64 | 1.3.4 | 16.00 | 125.00 | 141.00 | NOTE | |
r-oldrel-macos-arm64 | 1.3.4 | 59.00 | OK | |||
r-oldrel-macos-x86_64 | 1.3.4 | 83.00 | OK | |||
r-oldrel-windows-x86_64 | 1.3.4 | 22.00 | 157.00 | 179.00 | OK |
Version: 1.3.4
Check: Rd cross-references
Result: NOTE
Found the following Rd file(s) with Rd \link{} targets missing package
anchors:
iNZightSummary.Rd: survey
Please provide package anchors for all Rd \link{} targets not in the
package itself and the base packages.
Flavors: r-devel-linux-x86_64-debian-clang, r-devel-linux-x86_64-debian-gcc, r-devel-windows-x86_64, r-patched-linux-x86_64, r-release-linux-x86_64, r-release-windows-x86_64