Last updated on 2025-05-25 04:50:21 CEST.
Flavor | Version | Tinstall | Tcheck | Ttotal | Status | Flags |
---|---|---|---|---|---|---|
r-devel-linux-x86_64-debian-clang | 1.2.1 | 5.09 | 44.95 | 50.04 | NOTE | |
r-devel-linux-x86_64-debian-gcc | 1.2.1 | 3.88 | 36.27 | 40.15 | NOTE | |
r-devel-linux-x86_64-fedora-clang | 1.2.1 | 83.12 | OK | |||
r-devel-linux-x86_64-fedora-gcc | 1.2.1 | 80.69 | OK | |||
r-devel-windows-x86_64 | 1.2.1 | 11.00 | 67.00 | 78.00 | NOTE | |
r-patched-linux-x86_64 | 1.2.1 | 5.23 | 42.21 | 47.44 | NOTE | |
r-release-linux-x86_64 | 1.2.1 | 4.58 | 42.85 | 47.43 | NOTE | |
r-release-macos-arm64 | 1.2.1 | 34.00 | OK | |||
r-release-macos-x86_64 | 1.2.1 | 45.00 | OK | |||
r-release-windows-x86_64 | 1.2.1 | 7.00 | 67.00 | 74.00 | NOTE | |
r-oldrel-macos-arm64 | 1.2.1 | 26.00 | OK | |||
r-oldrel-macos-x86_64 | 1.2.1 | 65.00 | OK | |||
r-oldrel-windows-x86_64 | 1.2.1 | 8.00 | 78.00 | 86.00 | OK |
Version: 1.2.1
Check: Rd cross-references
Result: NOTE
Found the following Rd file(s) with Rd \link{} targets missing package
anchors:
hyper.fit.Rd: LaplaceApproximation, LaplacesDemon
Please provide package anchors for all Rd \link{} targets not in the
package itself and the base packages.
Flavors: r-devel-linux-x86_64-debian-clang, r-devel-linux-x86_64-debian-gcc, r-devel-windows-x86_64, r-patched-linux-x86_64, r-release-linux-x86_64, r-release-windows-x86_64