CRAN Package Check Results for Package hydrogeo

Last updated on 2025-07-22 09:50:35 CEST.

Flavor Version Tinstall Tcheck Ttotal Status Flags
r-devel-linux-x86_64-debian-clang 0.6-1 2.87 26.09 28.96 NOTE
r-devel-linux-x86_64-debian-gcc 0.6-1 2.35 21.08 23.43 NOTE
r-devel-linux-x86_64-fedora-clang 0.6-1 42.99 OK
r-devel-linux-x86_64-fedora-gcc 0.6-1 40.13 OK
r-devel-windows-x86_64 0.6-1 4.00 44.00 48.00 OK
r-patched-linux-x86_64 0.6-1 3.18 24.95 28.13 OK
r-release-linux-x86_64 0.6-1 2.87 24.90 27.77 OK
r-release-macos-arm64 0.6-1 17.00 OK
r-release-macos-x86_64 0.6-1 29.00 OK
r-release-windows-x86_64 0.6-1 4.00 48.00 52.00 OK
r-oldrel-macos-arm64 0.6-1 17.00 OK
r-oldrel-macos-x86_64 0.6-1 25.00 OK
r-oldrel-windows-x86_64 0.6-1 4.00 53.00 57.00 OK

Check Details

Version: 0.6-1
Check: CRAN incoming feasibility
Result: NOTE Maintainer: ‘Myles English <myles@rockhead.biz>’ No Authors@R field in DESCRIPTION. Please add one, modifying Authors@R: person(given = "Myles", family = "English", role = c("aut", "cre"), email = "myles@rockhead.biz") as necessary. Flavors: r-devel-linux-x86_64-debian-clang, r-devel-linux-x86_64-debian-gcc