Last updated on 2025-07-22 17:50:35 CEST.
Flavor | Version | Tinstall | Tcheck | Ttotal | Status | Flags |
---|---|---|---|---|---|---|
r-devel-linux-x86_64-debian-clang | 1.6.16 | 95.64 | 37.64 | 133.28 | OK | |
r-devel-linux-x86_64-debian-gcc | 1.6.16 | 69.66 | 31.07 | 100.73 | OK | |
r-devel-linux-x86_64-fedora-clang | 1.6.16 | 242.47 | OK | |||
r-devel-linux-x86_64-fedora-gcc | 1.6.16 | 232.18 | OK | |||
r-devel-windows-x86_64 | 1.6.16 | 174.00 | 82.00 | 256.00 | OK | |
r-patched-linux-x86_64 | 1.6.16 | 98.59 | 34.54 | 133.13 | OK | |
r-release-linux-x86_64 | 1.6.16 | 94.50 | 35.18 | 129.68 | OK | |
r-release-macos-arm64 | 1.6.16 | 127.00 | OK | |||
r-release-macos-x86_64 | 1.6.16 | 142.00 | OK | |||
r-release-windows-x86_64 | 1.6.16 | 174.00 | 83.00 | 257.00 | OK | |
r-oldrel-macos-arm64 | 1.6.16 | 140.00 | NOTE | |||
r-oldrel-macos-x86_64 | 1.6.16 | 149.00 | NOTE | |||
r-oldrel-windows-x86_64 | 1.6.16 | 202.00 | 101.00 | 303.00 | NOTE |
Version: 1.6.16
Check: installed package size
Result: NOTE
installed size is 9.7Mb
sub-directories of 1Mb or more:
libs 9.3Mb
Flavors: r-oldrel-macos-arm64, r-oldrel-macos-x86_64
Version: 1.6.16
Check: for GNU extensions in Makefiles
Result: NOTE
GNU make is a SystemRequirements.
Flavors: r-oldrel-macos-arm64, r-oldrel-macos-x86_64, r-oldrel-windows-x86_64