CRAN Package Check Results for Package hrbrthemes

Last updated on 2025-05-28 17:57:25 CEST.

Flavor Version Tinstall Tcheck Ttotal Status Flags
r-devel-linux-x86_64-debian-clang 0.8.7 7.29 59.30 66.59 NOTE
r-devel-linux-x86_64-debian-gcc 0.8.7 4.69 42.74 47.43 NOTE
r-devel-linux-x86_64-fedora-clang 0.8.7 107.25 OK
r-devel-linux-x86_64-fedora-gcc 0.8.7 99.94 OK
r-devel-windows-x86_64 0.8.7 9.00 77.00 86.00 NOTE
r-patched-linux-x86_64 0.8.7 8.24 56.92 65.16 NOTE
r-release-linux-x86_64 0.8.7 6.43 57.12 63.55 NOTE
r-release-macos-arm64 0.8.7 37.00 OK
r-release-macos-x86_64 0.8.7 60.00 OK
r-release-windows-x86_64 0.8.7 9.00 78.00 87.00 NOTE
r-oldrel-macos-arm64 0.8.7 32.00 OK
r-oldrel-macos-x86_64 0.8.7 48.00 OK
r-oldrel-windows-x86_64 0.8.7 12.00 96.00 108.00 OK

Check Details

Version: 0.8.7
Check: Rd cross-references
Result: NOTE Found the following Rd file(s) with Rd \link{} targets missing package anchors: scale_x_percent.Rd: guides theme_ipsum.Rd: ggplot2 theme_ipsum_es.Rd: ggplot2 theme_ipsum_gs.Rd: ggplot2 theme_ipsum_inter.Rd: ggplot2 theme_ipsum_ps.Rd: ggplot2 theme_ipsum_pub.Rd: ggplot2 theme_ipsum_rc.Rd: ggplot2 Please provide package anchors for all Rd \link{} targets not in the package itself and the base packages. Flavors: r-devel-linux-x86_64-debian-clang, r-devel-linux-x86_64-debian-gcc, r-devel-windows-x86_64, r-patched-linux-x86_64, r-release-linux-x86_64, r-release-windows-x86_64