Last updated on 2025-05-28 04:52:18 CEST.
Flavor | Version | Tinstall | Tcheck | Ttotal | Status | Flags |
---|---|---|---|---|---|---|
r-devel-linux-x86_64-debian-clang | 0.3.0 | 2.11 | 17.93 | 20.04 | NOTE | |
r-devel-linux-x86_64-debian-gcc | 0.3.0 | 1.77 | 15.00 | 16.77 | NOTE | |
r-devel-linux-x86_64-fedora-clang | 0.3.0 | 30.63 | OK | |||
r-devel-linux-x86_64-fedora-gcc | 0.3.0 | 27.47 | OK | |||
r-devel-windows-x86_64 | 0.3.0 | 3.00 | 34.00 | 37.00 | OK | |
r-patched-linux-x86_64 | 0.3.0 | 2.14 | 16.29 | 18.43 | OK | |
r-release-linux-x86_64 | 0.3.0 | 2.08 | 16.30 | 18.38 | OK | |
r-release-macos-arm64 | 0.3.0 | 13.00 | OK | |||
r-release-macos-x86_64 | 0.3.0 | 20.00 | OK | |||
r-release-windows-x86_64 | 0.3.0 | 3.00 | 38.00 | 41.00 | OK | |
r-oldrel-macos-arm64 | 0.3.0 | 14.00 | OK | |||
r-oldrel-macos-x86_64 | 0.3.0 | 23.00 | OK | |||
r-oldrel-windows-x86_64 | 0.3.0 | 3.00 | 36.00 | 39.00 | OK |
Version: 0.3.0
Check: CRAN incoming feasibility
Result: NOTE
Maintainer: ‘Ryan Hafen <rhafen@gmail.com>’
No Authors@R field in DESCRIPTION.
Please add one, modifying
Authors@R: person(given = "Ryan",
family = "Hafen",
role = c("aut", "cre"),
email = "rhafen@gmail.com")
as necessary.
Flavors: r-devel-linux-x86_64-debian-clang, r-devel-linux-x86_64-debian-gcc