Last updated on 2025-07-22 13:49:15 CEST.
Flavor | Version | Tinstall | Tcheck | Ttotal | Status | Flags |
---|---|---|---|---|---|---|
r-devel-linux-x86_64-debian-clang | 1.0.1 | 1.79 | 29.52 | 31.31 | OK | |
r-devel-linux-x86_64-debian-gcc | 1.0.1 | 1.42 | 25.17 | 26.59 | OK | |
r-devel-linux-x86_64-fedora-clang | 1.0.1 | 47.09 | OK | |||
r-devel-linux-x86_64-fedora-gcc | 1.0.1 | 58.92 | OK | |||
r-devel-windows-x86_64 | 1.0.1 | 4.00 | 50.00 | 54.00 | OK | |
r-patched-linux-x86_64 | 1.0.1 | 1.30 | 28.01 | 29.31 | OK | |
r-release-linux-x86_64 | 1.0.1 | 1.59 | 28.79 | 30.38 | OK | |
r-release-macos-arm64 | 1.0.1 | 29.00 | OK | |||
r-release-macos-x86_64 | 1.0.1 | 62.00 | OK | |||
r-release-windows-x86_64 | 1.0.1 | 3.00 | 54.00 | 57.00 | OK | |
r-oldrel-macos-arm64 | 1.0.1 | 31.00 | NOTE | |||
r-oldrel-macos-x86_64 | 1.0.1 | 40.00 | NOTE | |||
r-oldrel-windows-x86_64 | 1.0.1 | 4.00 | 57.00 | 61.00 | NOTE |
Version: 1.0.1
Check: LazyData
Result: NOTE
'LazyData' is specified without a 'data' directory
Flavors: r-oldrel-macos-arm64, r-oldrel-macos-x86_64, r-oldrel-windows-x86_64