CRAN Package Check Results for Package gridGraphviz

Last updated on 2025-05-24 17:52:07 CEST.

Flavor Version Tinstall Tcheck Ttotal Status Flags
r-devel-linux-x86_64-debian-clang 0.3-1 4.44 36.02 40.46 NOTE
r-devel-linux-x86_64-debian-gcc 0.3-1 3.38 27.29 30.67 NOTE
r-devel-linux-x86_64-fedora-clang 0.3-1 66.24 OK
r-devel-linux-x86_64-fedora-gcc 0.3-1 59.81 OK
r-devel-windows-x86_64 0.3-1 5.00 80.00 85.00 NOTE
r-patched-linux-x86_64 0.3-1 4.16 34.08 38.24 NOTE
r-release-linux-x86_64 0.3-1 3.32 34.31 37.63 NOTE
r-release-macos-arm64 0.3-1 22.00 OK
r-release-macos-x86_64 0.3-1 36.00 OK
r-release-windows-x86_64 0.3-1 6.00 52.00 58.00 NOTE
r-oldrel-macos-arm64 0.3-1 20.00 OK
r-oldrel-macos-x86_64 0.3-1 35.00 OK
r-oldrel-windows-x86_64 0.3-1 5.00 61.00 66.00 OK

Check Details

Version: 0.3-1
Check: Rd cross-references
Result: NOTE Found the following Rd file(s) with Rd \link{} targets missing package anchors: agopenTrue.Rd: agopen graphWidth.Rd: Ragraph Please provide package anchors for all Rd \link{} targets not in the package itself and the base packages. Flavors: r-devel-linux-x86_64-debian-clang, r-devel-linux-x86_64-debian-gcc, r-devel-windows-x86_64, r-patched-linux-x86_64, r-release-linux-x86_64, r-release-windows-x86_64