Last updated on 2025-05-25 09:49:45 CEST.
Flavor | Version | Tinstall | Tcheck | Ttotal | Status | Flags |
---|---|---|---|---|---|---|
r-devel-linux-x86_64-debian-clang | 1.0.1 | 2.16 | 20.07 | 22.23 | NOTE | |
r-devel-linux-x86_64-debian-gcc | 1.0.1 | 1.62 | 15.93 | 17.55 | NOTE | |
r-devel-linux-x86_64-fedora-clang | 1.0.1 | 34.16 | OK | |||
r-devel-linux-x86_64-fedora-gcc | 1.0.1 | 31.45 | OK | |||
r-devel-windows-x86_64 | 1.0.1 | 3.00 | 42.00 | 45.00 | OK | |
r-patched-linux-x86_64 | 1.0.1 | 1.51 | 17.99 | 19.50 | OK | |
r-release-linux-x86_64 | 1.0.1 | 2.16 | 17.93 | 20.09 | OK | |
r-release-macos-arm64 | 1.0.1 | 18.00 | OK | |||
r-release-macos-x86_64 | 1.0.1 | 25.00 | OK | |||
r-release-windows-x86_64 | 1.0.1 | 3.00 | 40.00 | 43.00 | OK | |
r-oldrel-macos-arm64 | 1.0.1 | 15.00 | OK | |||
r-oldrel-macos-x86_64 | 1.0.1 | 21.00 | OK | |||
r-oldrel-windows-x86_64 | 1.0.1 | 4.00 | 43.00 | 47.00 | OK |
Version: 1.0.1
Check: CRAN incoming feasibility
Result: NOTE
Maintainer: ‘Brendan Matthew Galdo <Brendan.m.galdo@gmail.com>’
The BugReports field in DESCRIPTION has
https://github.com/bmgaldo/graDiEnt
which should likely be
https://github.com/bmgaldo/graDiEnt/issues
instead.
Flavors: r-devel-linux-x86_64-debian-clang, r-devel-linux-x86_64-debian-gcc