CRAN Package Check Results for Package gptoolsStan

Last updated on 2025-07-13 09:49:42 CEST.

Flavor Version Tinstall Tcheck Ttotal Status Flags
r-devel-linux-x86_64-debian-clang 1.0.0 1.49 21.51 23.00 OK
r-devel-linux-x86_64-debian-gcc 1.0.0 1.26 18.25 19.51 OK
r-devel-linux-x86_64-fedora-clang 1.0.0 36.99 OK
r-devel-linux-x86_64-fedora-gcc 1.0.0 48.81 OK
r-devel-windows-x86_64 1.0.0 3.00 43.00 46.00 OK
r-patched-linux-x86_64 1.0.0 1.60 19.61 21.21 OK
r-release-linux-x86_64 1.0.0 1.48 19.43 20.91 OK
r-release-macos-arm64 1.0.0 23.00 OK
r-release-macos-x86_64 1.0.0 38.00 OK
r-release-windows-x86_64 1.0.0 2.00 44.00 46.00 OK
r-oldrel-macos-arm64 1.0.0 31.00 NOTE
r-oldrel-macos-x86_64 1.0.0 80.00 NOTE
r-oldrel-windows-x86_64 1.0.0 3.00 48.00 51.00 NOTE

Check Details

Version: 1.0.0
Check: package dependencies
Result: NOTE Package suggested but not available for checking: ‘cmdstanr’ Flavors: r-oldrel-macos-arm64, r-oldrel-macos-x86_64, r-oldrel-windows-x86_64