Last updated on 2025-05-28 04:52:17 CEST.
Flavor | Version | Tinstall | Tcheck | Ttotal | Status | Flags |
---|---|---|---|---|---|---|
r-devel-linux-x86_64-debian-clang | 0.6.2 | 3.30 | 38.55 | 41.85 | NOTE | |
r-devel-linux-x86_64-debian-gcc | 0.6.2 | 2.52 | 28.23 | 30.75 | NOTE | |
r-devel-linux-x86_64-fedora-clang | 0.6.2 | 68.48 | NOTE | |||
r-devel-linux-x86_64-fedora-gcc | 0.6.2 | 75.78 | NOTE | |||
r-devel-windows-x86_64 | 0.6.2 | 4.00 | 62.00 | 66.00 | NOTE | |
r-patched-linux-x86_64 | 0.6.2 | 3.85 | 35.50 | 39.35 | NOTE | |
r-release-linux-x86_64 | 0.6.2 | 3.42 | 36.08 | 39.50 | NOTE | |
r-release-macos-arm64 | 0.6.2 | 32.00 | NOTE | |||
r-release-macos-x86_64 | 0.6.2 | 63.00 | NOTE | |||
r-release-windows-x86_64 | 0.6.2 | 5.00 | 63.00 | 68.00 | NOTE | |
r-oldrel-macos-arm64 | 0.6.2 | 30.00 | OK | |||
r-oldrel-macos-x86_64 | 0.6.2 | 78.00 | OK | |||
r-oldrel-windows-x86_64 | 0.6.2 | 6.00 | 69.00 | 75.00 | OK |
Version: 0.6.2
Check: DESCRIPTION meta-information
Result: NOTE
Missing dependency on R >= 4.1.0 because package code uses the pipe
|> or function shorthand \(...) syntax added in R 4.1.0.
File(s) using such syntax:
‘balanced.Rd’ ‘geks.Rd’ ‘grouped.Rd’ ‘splice.R’
Flavors: r-devel-linux-x86_64-debian-clang, r-devel-linux-x86_64-debian-gcc, r-devel-linux-x86_64-fedora-clang, r-devel-linux-x86_64-fedora-gcc, r-devel-windows-x86_64, r-patched-linux-x86_64, r-release-linux-x86_64, r-release-macos-arm64, r-release-macos-x86_64, r-release-windows-x86_64