CRAN Package Check Results for Package googlesheets4

Last updated on 2025-05-24 23:50:12 CEST.

Flavor Version Tinstall Tcheck Ttotal Status Flags
r-devel-linux-x86_64-debian-clang 1.1.1 7.18 69.36 76.54 NOTE
r-devel-linux-x86_64-debian-gcc 1.1.1 5.81 49.72 55.53 NOTE
r-devel-linux-x86_64-fedora-clang 1.1.1 125.45 OK
r-devel-linux-x86_64-fedora-gcc 1.1.1 110.93 OK
r-devel-windows-x86_64 1.1.1 10.00 138.00 148.00 NOTE
r-patched-linux-x86_64 1.1.1 8.52 65.47 73.99 NOTE
r-release-linux-x86_64 1.1.1 7.27 65.14 72.41 NOTE
r-release-macos-arm64 1.1.1 48.00 OK
r-release-macos-x86_64 1.1.1 65.00 OK
r-release-windows-x86_64 1.1.1 9.00 92.00 101.00 NOTE
r-oldrel-macos-arm64 1.1.1 33.00 OK
r-oldrel-macos-x86_64 1.1.1 53.00 OK
r-oldrel-windows-x86_64 1.1.1 13.00 106.00 119.00 OK

Check Details

Version: 1.1.1
Check: Rd cross-references
Result: NOTE Found the following Rd file(s) with Rd \link{} targets missing package anchors: cell-specification.Rd: cellranger request_make.Rd: httr sheets_id.Rd: googledrive Please provide package anchors for all Rd \link{} targets not in the package itself and the base packages. Flavors: r-devel-linux-x86_64-debian-clang, r-devel-linux-x86_64-debian-gcc, r-devel-windows-x86_64, r-patched-linux-x86_64, r-release-linux-x86_64, r-release-windows-x86_64