Last updated on 2025-05-28 17:57:24 CEST.
Flavor | Version | Tinstall | Tcheck | Ttotal | Status | Flags |
---|---|---|---|---|---|---|
r-devel-linux-x86_64-debian-clang | 1.6.12 | 150.72 | 105.49 | 256.21 | OK | |
r-devel-linux-x86_64-debian-gcc | 1.6.12 | 102.18 | 70.26 | 172.44 | OK | |
r-devel-linux-x86_64-fedora-clang | 1.6.12 | 517.74 | OK | |||
r-devel-linux-x86_64-fedora-gcc | 1.6.12 | 417.95 | OK | |||
r-devel-windows-x86_64 | 1.6.12 | 172.00 | 132.00 | 304.00 | OK | |
r-patched-linux-x86_64 | 1.6.12 | 140.94 | 99.65 | 240.59 | OK | |
r-release-linux-x86_64 | 1.6.12 | 137.56 | 98.63 | 236.19 | OK | |
r-release-macos-arm64 | 1.6.12 | 91.00 | OK | |||
r-release-macos-x86_64 | 1.6.12 | 165.00 | OK | |||
r-release-windows-x86_64 | 1.6.12 | 171.00 | 132.00 | 303.00 | OK | |
r-oldrel-macos-arm64 | 1.6.12 | 100.00 | NOTE | |||
r-oldrel-macos-x86_64 | 1.6.12 | 134.00 | NOTE | |||
r-oldrel-windows-x86_64 | 1.6.12 | 200.00 | 164.00 | 364.00 | OK |
Version: 1.6.12
Check: installed package size
Result: NOTE
installed size is 7.6Mb
sub-directories of 1Mb or more:
libs 5.9Mb
Flavors: r-oldrel-macos-arm64, r-oldrel-macos-x86_64