Last updated on 2025-05-29 04:50:20 CEST.
Flavor | Version | Tinstall | Tcheck | Ttotal | Status | Flags |
---|---|---|---|---|---|---|
r-devel-linux-x86_64-debian-clang | 0.2.0 | 173.09 | 35.72 | 208.81 | OK | |
r-devel-linux-x86_64-debian-gcc | 0.2.0 | 134.73 | 27.17 | 161.90 | OK | |
r-devel-linux-x86_64-fedora-clang | 0.2.0 | 346.45 | NOTE | |||
r-devel-linux-x86_64-fedora-gcc | 0.2.0 | 306.84 | NOTE | |||
r-devel-windows-x86_64 | 0.2.0 | 279.00 | 73.00 | 352.00 | OK | |
r-patched-linux-x86_64 | 0.2.0 | 175.55 | 33.46 | 209.01 | OK | |
r-release-linux-x86_64 | 0.2.0 | 170.50 | 33.39 | 203.89 | OK | |
r-release-macos-arm64 | 0.2.0 | 116.00 | OK | |||
r-release-macos-x86_64 | 0.2.0 | 109.00 | OK | |||
r-release-windows-x86_64 | 0.2.0 | 269.00 | 73.00 | 342.00 | OK | |
r-oldrel-macos-arm64 | 0.2.0 | 107.00 | OK | |||
r-oldrel-macos-x86_64 | 0.2.0 | 120.00 | OK | |||
r-oldrel-windows-x86_64 | 0.2.0 | 320.00 | 84.00 | 404.00 | OK |
Version: 0.2.0
Check: dependencies in R code
Result: NOTE
Namespace in Imports field not imported from: ‘vdiffr’
All declared Imports should be used.
Flavors: r-devel-linux-x86_64-fedora-clang, r-devel-linux-x86_64-fedora-gcc