CRAN Package Check Results for Package ggQQunif

Last updated on 2025-05-25 13:49:44 CEST.

Flavor Version Tinstall Tcheck Ttotal Status Flags
r-devel-linux-x86_64-debian-clang 0.1.5 3.88 29.70 33.58 OK
r-devel-linux-x86_64-debian-gcc 0.1.5 2.47 22.33 24.80 OK
r-devel-linux-x86_64-fedora-clang 0.1.5 50.39 NOTE
r-devel-linux-x86_64-fedora-gcc 0.1.5 46.04 NOTE
r-devel-windows-x86_64 0.1.5 6.00 52.00 58.00 OK
r-patched-linux-x86_64 0.1.5 3.84 26.35 30.19 OK
r-release-linux-x86_64 0.1.5 3.79 26.36 30.15 OK
r-release-macos-arm64 0.1.5 22.00 OK
r-release-macos-x86_64 0.1.5 30.00 OK
r-release-windows-x86_64 0.1.5 5.00 51.00 56.00 OK
r-oldrel-macos-arm64 0.1.5 21.00 NOTE
r-oldrel-macos-x86_64 0.1.5 27.00 NOTE
r-oldrel-windows-x86_64 0.1.5 7.00 53.00 60.00 NOTE

Check Details

Version: 0.1.5
Check: dependencies in R code
Result: NOTE Namespace in Imports field not imported from: ‘dplyr’ All declared Imports should be used. Flavors: r-devel-linux-x86_64-fedora-clang, r-devel-linux-x86_64-fedora-gcc

Version: 0.1.5
Check: LazyData
Result: NOTE 'LazyData' is specified without a 'data' directory Flavors: r-oldrel-macos-arm64, r-oldrel-macos-x86_64, r-oldrel-windows-x86_64