Last updated on 2025-05-28 17:57:23 CEST.
Flavor | Version | Tinstall | Tcheck | Ttotal | Status | Flags |
---|---|---|---|---|---|---|
r-devel-linux-x86_64-debian-clang | 1.3 | 5.01 | 45.94 | 50.95 | OK | |
r-devel-linux-x86_64-debian-gcc | 1.3 | 4.15 | 32.46 | 36.61 | OK | |
r-devel-linux-x86_64-fedora-clang | 1.3 | 79.80 | OK | |||
r-devel-linux-x86_64-fedora-gcc | 1.3 | 71.08 | OK | |||
r-devel-windows-x86_64 | 1.3 | 7.00 | 58.00 | 65.00 | OK | |
r-patched-linux-x86_64 | 1.3 | 5.00 | 42.20 | 47.20 | OK | |
r-release-linux-x86_64 | 1.3 | 4.88 | 42.00 | 46.88 | OK | |
r-release-macos-arm64 | 1.3 | 42.00 | OK | |||
r-release-macos-x86_64 | 1.3 | 43.00 | OK | |||
r-release-windows-x86_64 | 1.3 | 7.00 | 62.00 | 69.00 | OK | |
r-oldrel-macos-arm64 | 1.3 | 24.00 | NOTE | |||
r-oldrel-macos-x86_64 | 1.3 | 34.00 | NOTE | |||
r-oldrel-windows-x86_64 | 1.3 | 9.00 | 72.00 | 81.00 | NOTE |
Version: 1.3
Check: LazyData
Result: NOTE
'LazyData' is specified without a 'data' directory
Flavors: r-oldrel-macos-arm64, r-oldrel-macos-x86_64, r-oldrel-windows-x86_64