Last updated on 2025-05-25 23:49:33 CEST.
Flavor | Version | Tinstall | Tcheck | Ttotal | Status | Flags |
---|---|---|---|---|---|---|
r-devel-linux-x86_64-debian-clang | 0.9.0 | 1.61 | 22.48 | 24.09 | ERROR | |
r-devel-linux-x86_64-debian-gcc | 0.9.0 | 1.44 | 18.67 | 20.11 | ERROR | |
r-devel-linux-x86_64-fedora-clang | 0.9.0 | 39.28 | OK | |||
r-devel-linux-x86_64-fedora-gcc | 0.9.0 | 50.13 | OK | |||
r-devel-windows-x86_64 | 0.9.0 | 2.00 | 50.00 | 52.00 | OK | |
r-patched-linux-x86_64 | 0.9.0 | 1.77 | 21.63 | 23.40 | OK | |
r-release-linux-x86_64 | 0.9.0 | 1.60 | 21.87 | 23.47 | OK | |
r-release-macos-arm64 | 0.9.0 | 30.00 | OK | |||
r-release-macos-x86_64 | 0.9.0 | 43.00 | OK | |||
r-release-windows-x86_64 | 0.9.0 | 2.00 | 49.00 | 51.00 | ERROR | |
r-oldrel-macos-arm64 | 0.9.0 | 31.00 | OK | |||
r-oldrel-macos-x86_64 | 0.9.0 | 40.00 | OK | |||
r-oldrel-windows-x86_64 | 0.9.0 | 3.00 | 54.00 | 57.00 | OK |
Version: 0.9.0
Check: examples
Result: ERROR
Running examples in ‘getwiki-Ex.R’ failed
The error most likely occurred in:
> base::assign(".ptime", proc.time(), pos = "CheckExEnv")
> ### Name: search_wiki
> ### Title: Search Wikipedia for Articles
> ### Aliases: search_wiki
>
> ### ** Examples
>
> search_wiki("Belgrade")
Error in names(temp) <- "content" : attempt to set an attribute on NULL
Calls: search_wiki
Execution halted
Flavors: r-devel-linux-x86_64-debian-clang, r-devel-linux-x86_64-debian-gcc
Version: 0.9.0
Check: examples
Result: ERROR
Running examples in 'getwiki-Ex.R' failed
The error most likely occurred in:
> ### Name: search_wiki
> ### Title: Search Wikipedia for Articles
> ### Aliases: search_wiki
>
> ### ** Examples
>
> search_wiki("Belgrade")
Error in names(temp) <- "content" : attempt to set an attribute on NULL
Calls: search_wiki
Execution halted
Flavor: r-release-windows-x86_64