Last updated on 2025-05-28 17:57:23 CEST.
Flavor | Version | Tinstall | Tcheck | Ttotal | Status | Flags |
---|---|---|---|---|---|---|
r-devel-linux-x86_64-debian-clang | 0.3-23 | 27.90 | 221.33 | 249.23 | OK | |
r-devel-linux-x86_64-debian-gcc | 0.3-23 | 15.15 | 169.99 | 185.14 | OK | |
r-devel-linux-x86_64-fedora-clang | 0.3-23 | 5745.05 | ERROR | |||
r-devel-linux-x86_64-fedora-gcc | 0.3-23 | 5703.85 | ERROR | |||
r-devel-windows-x86_64 | 0.3-23 | 27.00 | 221.00 | 248.00 | OK | |
r-patched-linux-x86_64 | 0.3-23 | 26.93 | 215.69 | 242.62 | OK | |
r-release-linux-x86_64 | 0.3-23 | 25.29 | 218.53 | 243.82 | OK | |
r-release-macos-arm64 | 0.3-23 | 138.00 | OK | |||
r-release-macos-x86_64 | 0.3-23 | 286.00 | OK | |||
r-release-windows-x86_64 | 0.3-23 | 25.00 | 227.00 | 252.00 | OK | |
r-oldrel-macos-arm64 | 0.3-23 | 144.00 | OK | |||
r-oldrel-macos-x86_64 | 0.3-23 | 252.00 | OK | |||
r-oldrel-windows-x86_64 | 0.3-23 | 36.00 | 286.00 | 322.00 | OK |
Version: 0.3-23
Check: re-building of vignette outputs
Result: ERROR
Error(s) in re-building vignettes:
--- re-building ‘georob_vignette.Rnw’ using Sweave
Loading required package: sp
Attaching package: ‘georob’
The following object is masked from ‘package:stats’:
step
OMP: Warning #96: Cannot form a team with 24 threads, using 2 instead.
OMP: Hint Consider unsetting KMP_DEVICE_THREAD_LIMIT (KMP_ALL_THREADS), KMP_TEAMS_THREAD_LIMIT, and OMP_THREAD_LIMIT (if any are set).
recomputing robust Mahalanobis distances
saving the robust distances 'MD' as part of ‘r.lmrob’
Flavor: r-devel-linux-x86_64-fedora-clang
Version: 0.3-23
Check: re-building of vignette outputs
Result: ERROR
Error(s) in re-building vignettes:
--- re-building ‘georob_vignette.Rnw’ using Sweave
Loading required package: sp
Attaching package: ‘georob’
The following object is masked from ‘package:stats’:
step
recomputing robust Mahalanobis distances
saving the robust distances 'MD' as part of ‘r.lmrob’
Flavor: r-devel-linux-x86_64-fedora-gcc