Last updated on 2025-05-28 17:57:23 CEST.
Flavor | Version | Tinstall | Tcheck | Ttotal | Status | Flags |
---|---|---|---|---|---|---|
r-devel-linux-x86_64-debian-clang | 0.2.1 | 11.43 | 34.31 | 45.74 | NOTE | |
r-devel-linux-x86_64-debian-gcc | 0.3.0 | 10.10 | 26.13 | 36.23 | OK | |
r-devel-linux-x86_64-fedora-clang | 0.2.1 | 71.11 | OK | |||
r-devel-linux-x86_64-fedora-gcc | 0.3.0 | 79.01 | OK | |||
r-devel-windows-x86_64 | 0.3.0 | 25.00 | 80.00 | 105.00 | OK | |
r-patched-linux-x86_64 | 0.2.1 | 12.57 | 31.24 | 43.81 | NOTE | |
r-release-linux-x86_64 | 0.2.1 | 12.10 | 31.67 | 43.77 | NOTE | |
r-release-macos-arm64 | 0.3.0 | 43.00 | OK | |||
r-release-macos-x86_64 | 0.3.0 | 51.00 | OK | |||
r-release-windows-x86_64 | 0.3.0 | 22.00 | 63.00 | 85.00 | OK | |
r-oldrel-macos-arm64 | 0.3.0 | 36.00 | OK | |||
r-oldrel-macos-x86_64 | 0.3.0 | 50.00 | OK | |||
r-oldrel-windows-x86_64 | 0.3.0 | 29.00 | 70.00 | 99.00 | OK |
Version: 0.2.1
Check: Rd cross-references
Result: NOTE
Found the following Rd file(s) with Rd \link{} targets missing package
anchors:
geoarrow_handle.Rd: as_nanoarrow_array
infer_geoarrow_schema.Rd: as_nanoarrow_schema
Please provide package anchors for all Rd \link{} targets not in the
package itself and the base packages.
Flavors: r-devel-linux-x86_64-debian-clang, r-patched-linux-x86_64, r-release-linux-x86_64