Last updated on 2025-07-22 13:49:13 CEST.
Flavor | Version | Tinstall | Tcheck | Ttotal | Status | Flags |
---|---|---|---|---|---|---|
r-devel-linux-x86_64-debian-clang | 0.2.7 | 8.04 | 65.35 | 73.39 | OK | --no-vignettes |
r-devel-linux-x86_64-debian-gcc | 0.2.7 | 7.17 | 52.16 | 59.33 | OK | --no-vignettes |
r-devel-linux-x86_64-fedora-clang | 0.2.7 | 125.17 | OK | --no-vignettes | ||
r-devel-linux-x86_64-fedora-gcc | 0.2.7 | 114.82 | OK | --no-vignettes | ||
r-patched-linux-x86_64 | 0.2.7 | 8.75 | 64.83 | 73.58 | OK | --no-vignettes |
r-release-linux-x86_64 | 0.2.7 | 8.44 | 64.60 | 73.04 | OK | --no-vignettes |
r-release-macos-arm64 | 0.2.7 | 57.00 | OK | |||
r-release-macos-x86_64 | 0.2.7 | 100.00 | OK | |||
r-oldrel-macos-arm64 | 0.2.7 | 49.00 | NOTE | |||
r-oldrel-macos-x86_64 | 0.2.7 | 85.00 | NOTE |
Version: 0.2.7
Check: package dependencies
Result: NOTE
Package suggested but not available for checking: ‘gputools’
Flavors: r-oldrel-macos-arm64, r-oldrel-macos-x86_64