CRAN Package Check Results for Package gWidgets2tcltk

Last updated on 2025-05-24 23:50:13 CEST.

Flavor Version Tinstall Tcheck Ttotal Status Flags
r-devel-linux-x86_64-debian-clang 1.0-8 25.13 127.14 152.27 NOTE
r-devel-linux-x86_64-debian-gcc 1.0-8 17.77 92.34 110.11 NOTE
r-devel-linux-x86_64-fedora-clang 1.0-8 37.58 ERROR
r-devel-linux-x86_64-fedora-gcc 1.0-8 37.70 ERROR
r-devel-windows-x86_64 1.0-8 23.00 197.00 220.00 NOTE
r-patched-linux-x86_64 1.0-8 22.92 119.92 142.84 NOTE
r-release-linux-x86_64 1.0-8 23.43 121.33 144.76 NOTE
r-release-macos-arm64 1.0-8 144.00 NOTE
r-release-macos-x86_64 1.0-8 138.00 NOTE
r-release-windows-x86_64 1.0-8 20.00 99.00 119.00 NOTE
r-oldrel-macos-arm64 1.0-8 95.00 NOTE
r-oldrel-macos-x86_64 1.0-8 105.00 NOTE
r-oldrel-windows-x86_64 1.0-8 27.00 113.00 140.00 NOTE

Check Details

Version: 1.0-8
Check: CRAN incoming feasibility
Result: NOTE Maintainer: ‘John Verzani <jverzani@gmail.com>’ No Authors@R field in DESCRIPTION. Please add one, modifying Authors@R: person(given = "John", family = "Verzani", role = c("aut", "cre"), email = "jverzani@gmail.com") as necessary. Flavors: r-devel-linux-x86_64-debian-clang, r-devel-linux-x86_64-debian-gcc

Version: 1.0-8
Check: Rd files
Result: NOTE checkRd: (-1) gWidgets2tcltk-undocumented.Rd:285: Lost braces in \itemize; meant \describe ? checkRd: (-1) gWidgets2tcltk-undocumented.Rd:286-293: Lost braces in \itemize; meant \describe ? checkRd: (-1) gWidgets2tcltk-undocumented.Rd:378: Lost braces 378 | \item{visible}{logical. If code{TRUE} window is drawn when | ^ Flavors: r-devel-linux-x86_64-debian-clang, r-devel-linux-x86_64-debian-gcc, r-devel-windows-x86_64, r-patched-linux-x86_64, r-release-linux-x86_64, r-release-macos-arm64, r-release-macos-x86_64, r-release-windows-x86_64, r-oldrel-macos-arm64, r-oldrel-macos-x86_64, r-oldrel-windows-x86_64

Version: 1.0-8
Check: Rd cross-references
Result: NOTE Found the following Rd file(s) with Rd \link{} targets missing package anchors: gWidgets2tcltk-undocumented.Rd: gbutton, gprogressbar Please provide package anchors for all Rd \link{} targets not in the package itself and the base packages. Flavors: r-devel-linux-x86_64-debian-clang, r-devel-linux-x86_64-debian-gcc, r-devel-windows-x86_64, r-patched-linux-x86_64, r-release-linux-x86_64, r-release-windows-x86_64

Version: 1.0-8
Check: whether package can be installed
Result: ERROR Installation failed. Flavors: r-devel-linux-x86_64-fedora-clang, r-devel-linux-x86_64-fedora-gcc