Last updated on 2025-07-21 13:50:53 CEST.
Flavor | Version | Tinstall | Tcheck | Ttotal | Status | Flags |
---|---|---|---|---|---|---|
r-devel-linux-x86_64-debian-clang | 0.2.0 | 2.83 | 35.25 | 38.08 | NOTE | |
r-devel-linux-x86_64-debian-gcc | 0.2.0 | 2.03 | 27.84 | 29.87 | NOTE | |
r-devel-linux-x86_64-fedora-clang | 0.2.0 | 58.02 | OK | |||
r-devel-linux-x86_64-fedora-gcc | 0.2.0 | 70.19 | OK | |||
r-devel-windows-x86_64 | 0.2.0 | 5.00 | 52.00 | 57.00 | OK | |
r-patched-linux-x86_64 | 0.2.0 | 2.51 | 33.74 | 36.25 | OK | |
r-release-linux-x86_64 | 0.2.0 | 2.52 | 33.49 | 36.01 | OK | |
r-release-macos-arm64 | 0.2.0 | 28.00 | OK | |||
r-release-macos-x86_64 | 0.2.0 | 46.00 | OK | |||
r-release-windows-x86_64 | 0.2.0 | 4.00 | 54.00 | 58.00 | OK | |
r-oldrel-macos-arm64 | 0.2.0 | 27.00 | OK | |||
r-oldrel-macos-x86_64 | 0.2.0 | 37.00 | OK | |||
r-oldrel-windows-x86_64 | 0.2.0 | 6.00 | 59.00 | 65.00 | OK |
Version: 0.2.0
Check: CRAN incoming feasibility
Result: NOTE
Maintainer: ‘Bill Venables <Bill.Venables@gmail.com>’
No Authors@R field in DESCRIPTION.
Please add one, modifying
Authors@R: person(given = "Bill",
family = "Venables",
role = c("aut", "cre"),
email = "bill.venables@gmail.com")
as necessary.
Flavors: r-devel-linux-x86_64-debian-clang, r-devel-linux-x86_64-debian-gcc