Last updated on 2025-05-28 04:52:16 CEST.
Flavor | Version | Tinstall | Tcheck | Ttotal | Status | Flags |
---|---|---|---|---|---|---|
r-devel-linux-x86_64-debian-clang | 2.0-6 | 6.90 | 59.36 | 66.26 | NOTE | |
r-devel-linux-x86_64-debian-gcc | 2.0-6 | 4.99 | 43.71 | 48.70 | NOTE | |
r-devel-linux-x86_64-fedora-clang | 2.0-6 | 100.26 | OK | |||
r-devel-linux-x86_64-fedora-gcc | 2.0-6 | 94.88 | OK | |||
r-devel-windows-x86_64 | 2.0-6 | 8.00 | 74.00 | 82.00 | OK | |
r-patched-linux-x86_64 | 2.0-6 | 7.09 | 56.26 | 63.35 | OK | |
r-release-linux-x86_64 | 2.0-6 | 6.54 | 56.78 | 63.32 | OK | |
r-release-macos-arm64 | 2.0-6 | 35.00 | OK | |||
r-release-macos-x86_64 | 2.0-6 | 65.00 | OK | |||
r-release-windows-x86_64 | 2.0-6 | 8.00 | 75.00 | 83.00 | OK | |
r-oldrel-macos-arm64 | 2.0-6 | 32.00 | OK | |||
r-oldrel-macos-x86_64 | 2.0-6 | 45.00 | OK | |||
r-oldrel-windows-x86_64 | 2.0-6 | 10.00 | 89.00 | 99.00 | OK |
Version: 2.0-6
Check: CRAN incoming feasibility
Result: NOTE
Maintainer: ‘Rodrigo Aluizio <r.aluizio@gmail.com>’
No Authors@R field in DESCRIPTION.
Please add one, modifying
Authors@R: person(given = "Rodrigo",
family = "Aluizio",
role = c("aut", "cre"),
email = "r.aluizio@gmail.com")
as necessary.
Flavors: r-devel-linux-x86_64-debian-clang, r-devel-linux-x86_64-debian-gcc